What is j(-6)?
4
Let h(t) = 6*t**3 - t**2 + 2*t - 1. Determine h(1).
6
Let g(p) = -p**2 - 17*p + 26. Give g(-18).
8
Let n(h) = h**3 - 2*h**2 - h - 3. Determine n(3).
3
Let h(b) = b**2 - 7*b - 2. What is h(7)?
-2
Let v(x) = 48*x + 46. Determine v(-1).
-2
Let n(r) = -42*r + 27. Calculate n(2).
-57
Let q(f) = 18*f + 61. Calculate q(-3).
7
Let q(f) = -f**3 + 8*f**2 + 4*f. Give q(8).
32
Let v(n) = 24*n + 5. Give v(-4).
-91
Let s(y) = 35*y**3 + y**2 - y + 1. Determine s(1).
36
Let k(q) = 5*q + 130. What is k(-32)?
-30
Let h(q) = q**2 - 22*q + 95. What is h(16)?
-1
Let q(s) = -6*s - 5. What is q(0)?
-5
Let z(i) = 3*i**2 - 217*i - 147. Determine z(73).
-1
Let v(h) = 4*h + 15. What is v(23)?
107
Let s(c) = -2*c - 7. Determine s(0).
-7
Let m(d) = -4*d - 2. Give m(-1).
2
Let f(g) = 2*g**3 - 19*g**2 - 8*g - 6. Calculate f(10).
14
Let i(u) = u**3 - 8*u**2 - 6*u - 20. Determine i(9).
7
Let g(f) = f**3 + 5*f**2 + 6*f. What is g(-4)?
-8
Let a(u) = -3*u + 18. Determine a(3).
9
Let x(r) = 2*r - 20. What is x(10)?
0
Let l(r) = 4*r**2 - 3*r - 1. Give l(-2).
21
Let i(c) = c**3 + 9*c**2 - 22*c + 24. What is i(-11)?
24
Let f(i) = 3*i - 18. Calculate f(-2).
-24
Let c(y) = -y + 13. Give c(-13).
26
Let l(b) = -21*b + 62. What is l(5)?
-43
Let g(q) = -2*q**2 + 2*q - 1. Calculate g(2).
-5
Let o(k) = 5*k**3 + k**2 - k + 4. Give o(-2).
-30
Let d(g) = g**2 + 23*g + 104. What is d(-6)?
2
Let m(q) = q**3 + 5*q**2 - 5*q - 2. Calculate m(-6).
-8
Let q(l) = 5*l**2 - l - 3. Give q(-2).
19
Let q(a) = a**3 + 6*a**2 - 27*a + 28. Determine q(-9).
28
Let d(y) = -6*y + 119. Determine d(20).
-1
Let a(o) = 2*o**3 - o**2 + 2*o + 4. Calculate a(4).
124
Let c(i) = 2*i**2 + 11*i - 80. What is c(4)?
-4
Let v(k) = 35*k + 99. Calculate v(-3).
-6
Let n(q) = -q**3 + 7*q**2 + 7*q + 9. Determine n(7).
58
Let c(i) = -56*i - 170. What is c(-3)?
-2
Let k(x) = 5*x**2 - 8. Determine k(4).
72
Let m(q) = -2*q - 2. Determine m(3).
-8
Let x(i) = -i**3 - 7*i**2 - 8*i + 4. Determine x(-5).
-6
Let n(l) = -l**3 - 5*l**2. What is n(-5)?
0
Let u(v) = v**2 - 10*v + 14. What is u(6)?
-10
Let t(u) = 12*u + 56. Calculate t(-5).
-4
Let w(k) = -3*k - 6. Give w(19).
-63
Let r(m) = -m**2 + 26*m + 162. Determine r(-5).
7
Let q(c) = c**3 + 5*c**2 - 8*c + 10. Determine q(-7).
-32
Let t(b) = 2*b - 1. Calculate t(-5).
-11
Let m(p) = -p + 29. Determine m(24).
5
Let a(c) = c**2 - 8*c - 1. What is a(9)?
8
Let y(c) = c**3 + 3*c**2 + 3*c + 4. Determine y(-3).
-5
Let j(d) = 107*d**3 - d**2 - d. Determine j(-1).
-107
Let n(r) = -7*r + 91. What is n(3)?
70
Let r(u) = 14*u + 16. What is r(5)?
86
Let v(h) = 2*h**2 - 3*h + 3. Give v(2).
5
Let n(g) = -g**3 - 15*g**2 + 13*g - 10. Calculate n(-16).
38
Let c(p) = 3*p**2 + 2*p - 3. Give c(1).
2
Let g(y) = 6*y - 6. Calculate g(5).
24
Let t(w) = -2*w**2 + 2*w. What is t(0)?
0
Let q(j) = -j**2 - 85*j - 244. Give q(-3).
2
Let g(w) = -2*w**3 - 6*w**2 + 3*w - 13. What is g(-4)?
7
Let d(i) = -2*i + 10. Calculate d(-6).
22
Let v(q) = q**3 + 4*q**2 - 8*q - 7. Give v(-7).
-98
Let b(w) = 2*w**2 - 6*w + 4. What is b(2)?
0
Let n(m) = m - 6. What is n(0)?
-6
Let l(h) = 9*h**3 - h**2 + 1. What is l(1)?
9
Let l(c) = -c**2 - 23*c - 27. Calculate l(-25).
-77
Let l(n) = -2*n**2 - 33*n - 138. Calculate l(-10).
-8
Let f(w) = w**2 - 4*w + 14. What is f(6)?
26
Let s(j) = -j**2 - j - 17. Calculate s(0).
-17
Let n(d) = -7*d + 117. Determine n(22).
-37
Let h(r) = -r**3 + 13*r**2 - 35*r - 7. What is h(9)?
2
Let c(k) = 2*k + 7. Determine c(0).
7
Let o(g) = g**3 + 7*g**2 - 2*g - 11. Determine o(-7).
3
Let m(h) = -h**3 - 5*h**2 + 29*h + 101. What is m(-3)?
-4
Let c(m) = m**3 - 18*m**2 + 34*m - 29. Calculate c(16).
3
Let k(m) = -m**3 + m + 6. What is k(-3)?
30
Let b(i) = 29*i**3 - i**2 + i + 2. Calculate b(-1).
-29
Let y(x) = 2*x**3 - 23*x**2 - 43*x + 43. Determine y(13).
-9
Let t(j) = j**3 + j + 11. What is t(0)?
11
Let v(n) = -8*n**2 + 31*n - 4. Determine v(4).
-8
Let z(n) = n**3 - 14*n**2 + 23*n + 25. Calculate z(12).
13
Let y(k) = k**3 + 3*k**2 - 7*k + 6. Calculate y(-6).
-60
Let n(u) = -u**3 + 9*u**2 + 9*u - 12. Give n(10).
-22
Let b(g) = -g**2 + 21*g - 21. Determine b(20).
-1
Let k(v) = -v**2 + 5*v + 19. Give k(7).
5
Let w(h) = h**3 + 8*h**2 - 14*h - 27. What is w(-9)?
18
Let p(w) = -5*w**3 - 4*w - 4. Give p(-1).
5
Let o(g) = -4*g**2 - 45*g + 150. Determine o(3).
-21
Let k(a) = -a**3 + 2*a**2 + 12*a - 4. Calculate k(-3).
5
Let c(y) = -5*y + 5. Calculate c(3).
-10
Let t(d) = d**2 + 11*d - 15. What is t(-14)?
27
Let h(y) = y**3 - 13*y**2 - 31*y + 23. Calculate h(15).
8
Let v(c) = -c**3 + 28*c**2 - c + 63. What is v(28)?
35
Let c(w) = 5*w - 3. Calculate c(-1).
-8
Let k(b) = b**3 + b**2 + b + 30. What is k(0)?
30
Let i(r) = -r**2 + 22*r + 14. What is i(16)?
110
Let i(x) = -x**2 + 8*x - 18. Calculate i(12).
-66
Let k(f) = 3*f**2 + 15*f - 3. What is k(-5)?
-3
Let u(w) = -w**2 + 68*w - 987. Give u(21).
0
Let f(i) = -8*i. What is f(2)?
-16
Let q(h) = h**3 - 6*h**2 - 3. Calculate q(6).
-3
Let t(i) = -42*i - 124. What is t(-3)?
2
Let j(q) = -4*q**2 - 8*q - 2. Give j(-1).
2
Let g(m) = m + 18. Calculate g(-14).
4
Let w(a) = -a**3 + 17*a**2 + 2*a - 33. Calculate w(17).
1
Let d(t) = -2*t**2 + 33*t - 19. Determine d(16).
-3
Let p(b) = b**3 - 2*b**2 + 2*b + 3. Give p(4).
43
Let u(h) = 2*h + 6. Give u(11).
28
Let f(u) = 48*u - 23. Determine f(1).
25
Let f(k) = 4*k**3 - 2*k**2 - 2*k - 2. Determine f(3).
82
Let c(p) = -p**3 + 9*p**2 - 10*p - 10. Calculate c(8).
-26
Let g(p) = -p**2 - 4*p + 2. What is g(6)?
-58
Let z(m) = -2*m - 19. What is z(-13)?
7
Let m(c) = 2*c**3 - c**2 - 5*c + 7. Determine m(1).
3
Let a(k) = k**3 - 11*k**2 + 12*k - 4. What is a(10)?
16
Let h(i) = i**3 - 2*i**2 + i - 48. Give h(0).
-48
Let j(b) = 15*b + 495. Calculate j(-33).
0
Let z(b) = -b**2 + 29*b - 151. Determine z(23).
-13
Let i(d) = -d**3 - 3*d**2 + d + 3. Calculate i(-2).
-3
Let d(y) = y**2 + 17*y + 48. Give d(-12).
-12
Let m(p) = -p**3 - 21*p**2 - 3. Determine m(-21).
-3
Let l(s) = -s**2 + 2*s + 3. Give l(-1).
0
Let p(o) = -6*o - 5. What is p(-2)?
7
Let v(g) = -g**3 + 7*g**2 + 58*g + 22. Determine v(12).
-2
Let t(j) = 2*j. Calculate t(10).
20
Let h(a) = -13*a - 10. Determine h(5).
-75
Let i(m) = m - 9. Give i(8).
-1
Let p(u) = 5*u**2 + 29*u + 15. Give p(-5).
-5
Let m(b) = -b**2 - 27*b - 138. What is m(-20)?
2
Let o(d) = d**3 + 6*d**2 + 12*d - 3. Calculate o(-3).
-12
Let l(m) = 2*m + 28. Give l(-12).
4
Let g(l) = l**2 + 15*l + 15. Give g(-10).
-35
Let a(c) = -7*c**2 + 2*c - 2. Give a(2).
-26
Let z(v) = 29*v**3 - 1. Calculate z(1).
28
Let t(p) = p**3 - 8*p**2 + 2*p. Calculate t(8).
16
Let v(j) = 12*j**2 - j - 1. Calculate v(1).
10
Let x(g) = g**2 + 16*g - 24. Calculate x(-18).
12
Let n(a) = a**3 - a**2 - 6*a + 9. Determine n(2).
1
Let c(v) = -v**3 - 3*v**2 + 5*v - 2. What is c(1)?
-1
Let w(i) = -i**3 - 11*i**2 - 10*i + 3. Calculate w(-10).
3
Let u(n) = 2*n + 1. Calculate u(6).
13
Let x(v) = -4*v**3 - 12*v**2 - 4*v + 3. Determine x(-3).
15
Let m(w) = -21*w - 1. What is m(1)?
-22
Let q(t) = 4*t - 3. Determine q(-8).
-35
Let p(k) = -128*k + 107. What is p(1)?
-21
Let l(a) = -53*a**2 + 1. Determine l(-1).
-52
Let c(m) = -2*m**2 + m - 2. Calculate c(2).
-8
Let h(g) = -g**3 + 21*g**2 + 25*g + 31. What is h(22)?
97
Let s(o) = -4*o**2 - 2*o + 1. Determine s(2).
-19
Let g(y) = -y**3 - 16*y**2 - 17*y - 23. What is g(-15)?
7
Let h(c) = -c**2 + c + 67. Determine h(9).
-5
Let a(w) = -w**3 + 4*w**2 + 5*w. Give a(5).
0
Let g(r) = 2*r**2 + 14*r - 4. Determine g(-7).
-4
Let h(m) = 12*m + 77. Calculate h(-7).
-7
Let o(q) = 5*q + 14. Determine o(-4).
-6
Let w(p) = 2*p + 1. Calculate w(1).
3
Let n(t) = -4*t - 2. Give n(-2).
6
Let f(v) = -v**3 + 5*v**2 - 5*v - 4. Give f(4).
-8
Let m(h) = h**2 - h - 14. Calculate m(-5).
16
Let o(y) = -4*y**3 - 21*y**2 - 18*y - 10. What is o(-4)?
-18
Let k(w) = 2*w + 5. Determine k(-3).
-1
Let i(h) = 4*h**2 + 4*h - 3. Determine i(3).
45
Let f(b) = b**2 - 9*b + 4. What is f(8)?
-4
Let l(x) = x**2 - 10*x + 15. Calculate l(8).
-1
Let v(f) = -2*f**2 - 10*f + 1. Determine v(-4).
9
Let j(r) = r**3 - 14*r**2 + 10*r - 16. What is j(14)?
124
Let z(g) = 23*g - 17. Determine z(6).
121
Let w(h) = h**3 - 8*h**2 - 13*h + 11. Calculate w(9).
-25
Let g(b) = b**3 - 12*b**2 - b + 5. Calculate g(12).
-7
Let r(y) = 17*y + 24. Determine r(-6).
-78
Let u(m) = -6*